{"id":3632,"date":"2024-01-19T07:53:25","date_gmt":"2024-01-19T10:53:25","guid":{"rendered":"http:\/\/hennahimalaya.com.br\/?page_id=3632"},"modified":"2024-02-20T21:17:41","modified_gmt":"2024-02-21T00:17:41","slug":"henna-creme","status":"publish","type":"page","link":"http:\/\/hennahimalaya.com.br\/?page_id=3632","title":{"rendered":"Henna creme"},"content":{"rendered":"\t\t<div data-elementor-type=\"wp-page\" data-elementor-id=\"3632\" class=\"elementor elementor-3632\">\n\t\t\t\t\t\t<section class=\"elementor-section elementor-top-section elementor-element elementor-element-52fea5b elementor-section-full_width elementor-section-height-default elementor-section-height-default\" data-id=\"52fea5b\" data-element_type=\"section\" data-e-type=\"section\" data-settings=\"{&quot;background_background&quot;:&quot;gradient&quot;,&quot;tmea_shape_divider_top&quot;:&quot;none&quot;,&quot;tmea_shape_divider_bottom&quot;:&quot;none&quot;}\">\n\t\t\t\t\t\t<div class=\"elementor-container elementor-column-gap-default\">\n\t\t\t\t\t<div class=\"elementor-column elementor-col-100 elementor-top-column elementor-element elementor-element-758c062\" data-id=\"758c062\" data-element_type=\"column\" data-e-type=\"column\">\n\t\t\t<div class=\"elementor-widget-wrap\">\n\t\t\t\t\t\t\t<\/div>\n\t\t<\/div>\n\t\t\t\t\t<\/div>\n\t\t<\/section>\n\t\t<div class=\"elementor-element elementor-element-f5e2ad6 e-flex e-con-boxed e-con e-parent\" data-id=\"f5e2ad6\" data-element_type=\"container\" data-e-type=\"container\">\n\t\t\t\t\t<div class=\"e-con-inner\">\n\t\t<div class=\"elementor-element elementor-element-6a8d35c e-con-full e-flex e-con e-child\" data-id=\"6a8d35c\" data-element_type=\"container\" data-e-type=\"container\">\n\t\t\t\t<div class=\"elementor-element elementor-element-14e5579 elementor-widget elementor-widget-image\" data-id=\"14e5579\" data-element_type=\"widget\" data-e-type=\"widget\" data-widget_type=\"image.default\">\n\t\t\t\t<div class=\"elementor-widget-container\">\n\t\t\t\t\t\t\t\t\t\t\t\t\t\t\t<img data-opt-id=1112139607  fetchpriority=\"high\" decoding=\"async\" width=\"750\" height=\"750\" src=\"https:\/\/mloyyq6qevin.i.optimole.com\/w:750\/h:750\/q:mauto\/f:best\/http:\/\/hennahimalaya.com.br\/wp-content\/uploads\/2024\/01\/henna-creme_70ml_home.png\" class=\"attachment-large size-large wp-image-3400\" alt=\"\" srcset=\"https:\/\/mloyyq6qevin.i.optimole.com\/w:1080\/h:1080\/q:mauto\/f:best\/http:\/\/hennahimalaya.com.br\/wp-content\/uploads\/2024\/01\/henna-creme_70ml_home.png 1080w, https:\/\/mloyyq6qevin.i.optimole.com\/w:300\/h:1080\/q:mauto\/f:best\/http:\/\/hennahimalaya.com.br\/wp-content\/uploads\/2024\/01\/henna-creme_70ml_home.png 300w, https:\/\/mloyyq6qevin.i.optimole.com\/w:1024\/h:1080\/q:mauto\/f:best\/http:\/\/hennahimalaya.com.br\/wp-content\/uploads\/2024\/01\/henna-creme_70ml_home.png 1024w, https:\/\/mloyyq6qevin.i.optimole.com\/w:150\/h:1080\/q:mauto\/f:best\/http:\/\/hennahimalaya.com.br\/wp-content\/uploads\/2024\/01\/henna-creme_70ml_home.png 150w, https:\/\/mloyyq6qevin.i.optimole.com\/w:768\/h:1080\/q:mauto\/f:best\/http:\/\/hennahimalaya.com.br\/wp-content\/uploads\/2024\/01\/henna-creme_70ml_home.png 768w, https:\/\/mloyyq6qevin.i.optimole.com\/w:355\/h:1080\/q:mauto\/f:best\/http:\/\/hennahimalaya.com.br\/wp-content\/uploads\/2024\/01\/henna-creme_70ml_home.png 355w, https:\/\/mloyyq6qevin.i.optimole.com\/w:370\/h:1080\/q:mauto\/f:best\/http:\/\/hennahimalaya.com.br\/wp-content\/uploads\/2024\/01\/henna-creme_70ml_home.png 370w, https:\/\/mloyyq6qevin.i.optimole.com\/w:170\/h:1080\/q:mauto\/f:best\/http:\/\/hennahimalaya.com.br\/wp-content\/uploads\/2024\/01\/henna-creme_70ml_home.png 170w, https:\/\/mloyyq6qevin.i.optimole.com\/w:600\/h:1080\/q:mauto\/f:best\/http:\/\/hennahimalaya.com.br\/wp-content\/uploads\/2024\/01\/henna-creme_70ml_home.png 600w, https:\/\/mloyyq6qevin.i.optimole.com\/w:100\/h:1080\/q:mauto\/f:best\/http:\/\/hennahimalaya.com.br\/wp-content\/uploads\/2024\/01\/henna-creme_70ml_home.png 100w\" sizes=\"(max-width: 750px) 100vw, 750px\" \/>\t\t\t\t\t\t\t\t\t\t\t\t\t\t\t<\/div>\n\t\t\t\t<\/div>\n\t\t\t\t<\/div>\n\t\t<div class=\"elementor-element elementor-element-b4dd205 e-con-full e-flex e-con e-child\" data-id=\"b4dd205\" data-element_type=\"container\" data-e-type=\"container\">\n\t\t<div class=\"elementor-element elementor-element-0d8f08c e-con-full e-flex e-con e-child\" data-id=\"0d8f08c\" data-element_type=\"container\" data-e-type=\"container\">\n\t\t\n\t\t<div class=\"elementor-element elementor-element-9bd221d elementor-widget elementor-widget-text-editor\" data-id=\"9bd221d\" data-element_type=\"widget\" data-e-type=\"widget\" data-widget_type=\"text-editor.default\">\n\t\t\t\t<div class=\"elementor-widget-container\">\n\t\t\t\t\t\t\t\t\t<p>F\u00f3rmula desenvolvida exclusivamente com mat\u00e9ria prima francesa extra\u00edda de produtos naturais, a Henna Himalaya <br>\u00e9 de f\u00e1cil aplica\u00e7\u00e3o.<br>Oferece reflexos de v\u00e1rios tons disfar\u00e7ando os fios brancos ou apenas reavivando a cor dos cabelos, hidratando e colorindo suavemente, podendo ser aplicada entre colora\u00e7\u00f5es, ap\u00f3s o processo de alisamento ou permanente, devolvendo o brilho natural sem agredir a fibra capilar.<\/p>\t\t\t\t\t\t\t\t<\/div>\n\t\t\t\t<\/div>\n\t\t\t\t<\/div>\n\t\t\t\t<\/div>\n\t\t<div class=\"elementor-element elementor-element-ad08a8e e-con-full e-flex e-con e-child\" data-id=\"ad08a8e\" data-element_type=\"container\" data-e-type=\"container\">\n\t\t<div class=\"elementor-element elementor-element-d2d67cf e-flex e-con-boxed e-con e-child\" data-id=\"d2d67cf\" data-element_type=\"container\" data-e-type=\"container\">\n\t\t\t\t\t<div class=\"e-con-inner\">\n\t\t\t\t<div class=\"elementor-element elementor-element-735e452 elementor-widget__width-initial elementor-widget elementor-widget-accordion\" data-id=\"735e452\" data-element_type=\"widget\" data-e-type=\"widget\" data-widget_type=\"accordion.default\">\n\t\t\t\t<div class=\"elementor-widget-container\">\n\t\t\t\t\t\t\t<div class=\"elementor-accordion\">\n\t\t\t\t\t\t\t<div class=\"elementor-accordion-item\">\n\t\t\t\t\t<div id=\"elementor-tab-title-1201\" class=\"elementor-tab-title\" data-tab=\"1\" role=\"button\" aria-controls=\"elementor-tab-content-1201\" aria-expanded=\"false\">\n\t\t\t\t\t\t\t\t\t\t\t\t\t<span class=\"elementor-accordion-icon elementor-accordion-icon-left\" aria-hidden=\"true\">\n\t\t\t\t\t\t\t\t\t\t\t\t\t\t\t<span class=\"elementor-accordion-icon-closed\"><svg class=\"e-font-icon-svg e-fas-plus\" viewBox=\"0 0 448 512\" xmlns=\"http:\/\/www.w3.org\/2000\/svg\"><path d=\"M416 208H272V64c0-17.67-14.33-32-32-32h-32c-17.67 0-32 14.33-32 32v144H32c-17.67 0-32 14.33-32 32v32c0 17.67 14.33 32 32 32h144v144c0 17.67 14.33 32 32 32h32c17.67 0 32-14.33 32-32V304h144c17.67 0 32-14.33 32-32v-32c0-17.67-14.33-32-32-32z\"><\/path><\/svg><\/span>\n\t\t\t\t\t\t\t\t<span class=\"elementor-accordion-icon-opened\"><svg class=\"e-font-icon-svg e-fas-minus\" viewBox=\"0 0 448 512\" xmlns=\"http:\/\/www.w3.org\/2000\/svg\"><path d=\"M416 208H32c-17.67 0-32 14.33-32 32v32c0 17.67 14.33 32 32 32h384c17.67 0 32-14.33 32-32v-32c0-17.67-14.33-32-32-32z\"><\/path><\/svg><\/span>\n\t\t\t\t\t\t\t\t\t\t\t\t\t\t<\/span>\n\t\t\t\t\t\t\t\t\t\t\t\t<a class=\"elementor-accordion-title\" tabindex=\"0\">Caracter\u00edsticas<\/a>\n\t\t\t\t\t<\/div>\n\t\t\t\t\t<div id=\"elementor-tab-content-1201\" class=\"elementor-tab-content elementor-clearfix\" data-tab=\"1\" role=\"region\" aria-labelledby=\"elementor-tab-title-1201\"><p>&#8211; F\u00e1cil Aplica\u00e7\u00e3o.<\/p><p>&#8211; Sem am\u00f4nia.<\/p><p>&#8211; Com extratos vegetais da Henna e prote\u00edna do col\u00e1geno.<\/p><p>&#8211; Compat\u00edvel entre colora\u00e7\u00f5es, podendo ser usada ap\u00f3s relaxamento e alisamento.<\/p><p>&#8211; Auxilia na restrutura\u00e7\u00e3o capilar.<\/p><p>&#8211; D\u00e1 brilho, maciez e perfuma.<\/p><\/div>\n\t\t\t\t<\/div>\n\t\t\t\t\t\t\t\t<\/div>\n\t\t\t\t\t\t<\/div>\n\t\t\t\t<\/div>\n\t\t\t\t\t<\/div>\n\t\t\t\t<\/div>\n\t\t\t\t<\/div>\n\t\t<div class=\"elementor-element elementor-element-746259d e-con-full e-flex e-con e-child\" data-id=\"746259d\" data-element_type=\"container\" data-e-type=\"container\">\n\t\t\t\t<div class=\"elementor-element elementor-element-39712c1 elementor-widget-divider--view-line elementor-widget elementor-widget-divider\" data-id=\"39712c1\" data-element_type=\"widget\" data-e-type=\"widget\" data-widget_type=\"divider.default\">\n\t\t\t\t<div class=\"elementor-widget-container\">\n\t\t\t\t\t\t\t<div class=\"elementor-divider\">\n\t\t\t<span class=\"elementor-divider-separator\">\n\t\t\t\t\t\t<\/span>\n\t\t<\/div>\n\t\t\t\t\t\t<\/div>\n\t\t\t\t<\/div>\n\t\t\t\t<div class=\"elementor-element elementor-element-42a1c02 elementor-widget elementor-widget-heading\" data-id=\"42a1c02\" data-element_type=\"widget\" data-e-type=\"widget\" data-widget_type=\"heading.default\">\n\t\t\t\t<div class=\"elementor-widget-container\">\n\t\t\t\t\t<h5 class=\"elementor-heading-title elementor-size-default\">CORES<\/h5>\t\t\t\t<\/div>\n\t\t\t\t<\/div>\n\t\t<div class=\"elementor-element elementor-element-03148ba e-flex e-con-boxed e-con e-child\" data-id=\"03148ba\" data-element_type=\"container\" data-e-type=\"container\">\n\t\t\t\t\t<div class=\"e-con-inner\">\n\t\t\t\t<div class=\"elementor-element elementor-element-d628568 elementor-widget elementor-widget-image\" data-id=\"d628568\" data-element_type=\"widget\" data-e-type=\"widget\" data-widget_type=\"image.default\">\n\t\t\t\t<div class=\"elementor-widget-container\">\n\t\t\t\t\t\t\t\t\t\t\t\t\t\t\t<img data-opt-id=1552128310  fetchpriority=\"high\" decoding=\"async\" width=\"1920\" height=\"271\" src=\"https:\/\/mloyyq6qevin.i.optimole.com\/w:1920\/h:271\/q:mauto\/f:best\/http:\/\/hennahimalaya.com.br\/wp-content\/uploads\/2024\/01\/henna_creme_70ml_1920.png\" class=\"attachment-2048x2048 size-2048x2048 wp-image-3304\" alt=\"\" srcset=\"https:\/\/mloyyq6qevin.i.optimole.com\/w:1920\/h:271\/q:mauto\/f:best\/http:\/\/hennahimalaya.com.br\/wp-content\/uploads\/2024\/01\/henna_creme_70ml_1920.png 1920w, https:\/\/mloyyq6qevin.i.optimole.com\/w:300\/h:1080\/q:mauto\/f:best\/http:\/\/hennahimalaya.com.br\/wp-content\/uploads\/2024\/01\/henna_creme_70ml_1920.png 300w, https:\/\/mloyyq6qevin.i.optimole.com\/w:1024\/h:1080\/q:mauto\/f:best\/http:\/\/hennahimalaya.com.br\/wp-content\/uploads\/2024\/01\/henna_creme_70ml_1920.png 1024w, https:\/\/mloyyq6qevin.i.optimole.com\/w:768\/h:1080\/q:mauto\/f:best\/http:\/\/hennahimalaya.com.br\/wp-content\/uploads\/2024\/01\/henna_creme_70ml_1920.png 768w, https:\/\/mloyyq6qevin.i.optimole.com\/w:1536\/h:1080\/q:mauto\/f:best\/http:\/\/hennahimalaya.com.br\/wp-content\/uploads\/2024\/01\/henna_creme_70ml_1920.png 1536w, https:\/\/mloyyq6qevin.i.optimole.com\/w:600\/h:1080\/q:mauto\/f:best\/http:\/\/hennahimalaya.com.br\/wp-content\/uploads\/2024\/01\/henna_creme_70ml_1920.png 600w\" sizes=\"(max-width: 750px) 100vw, 750px\" \/>\t\t\t\t\t\t\t\t\t\t\t\t\t\t\t<\/div>\n\t\t\t\t<\/div>\n\t\t\t\t\t<\/div>\n\t\t\t\t<\/div>\n\t\t\t\t<\/div>\n\t\t\t\t\t<\/div>\n\t\t\t\t<\/div>\n\t\t\t\t<\/div>\n\t\t","protected":false},"excerpt":{"rendered":"<p>F\u00f3rmula desenvolvida exclusivamente com mat\u00e9ria prima francesa extra\u00edda de produtos naturais, a Henna Himalaya \u00e9 de f\u00e1cil aplica\u00e7\u00e3o.Oferece reflexos de v\u00e1rios tons disfar\u00e7ando os fios brancos ou apenas reavivando a [&hellip;]<\/p>\n","protected":false},"author":1,"featured_media":0,"parent":0,"menu_order":0,"comment_status":"closed","ping_status":"closed","template":"elementor_header_footer","meta":{"om_disable_all_campaigns":false,"_monsterinsights_skip_tracking":false,"_monsterinsights_sitenote_active":false,"_monsterinsights_sitenote_note":"","_monsterinsights_sitenote_category":0,"_uf_show_specific_survey":0,"_uf_disable_surveys":false,"_themeisle_gutenberg_block_has_review":false,"footnotes":""},"class_list":["post-3632","page","type-page","status-publish","hentry","rishi-post","no-post-thumbnail"],"rishi__cb_customizer_meta":"","aioseo_notices":[],"_links":{"self":[{"href":"http:\/\/hennahimalaya.com.br\/index.php?rest_route=\/wp\/v2\/pages\/3632","targetHints":{"allow":["GET"]}}],"collection":[{"href":"http:\/\/hennahimalaya.com.br\/index.php?rest_route=\/wp\/v2\/pages"}],"about":[{"href":"http:\/\/hennahimalaya.com.br\/index.php?rest_route=\/wp\/v2\/types\/page"}],"author":[{"embeddable":true,"href":"http:\/\/hennahimalaya.com.br\/index.php?rest_route=\/wp\/v2\/users\/1"}],"replies":[{"embeddable":true,"href":"http:\/\/hennahimalaya.com.br\/index.php?rest_route=%2Fwp%2Fv2%2Fcomments&post=3632"}],"version-history":[{"count":48,"href":"http:\/\/hennahimalaya.com.br\/index.php?rest_route=\/wp\/v2\/pages\/3632\/revisions"}],"predecessor-version":[{"id":4096,"href":"http:\/\/hennahimalaya.com.br\/index.php?rest_route=\/wp\/v2\/pages\/3632\/revisions\/4096"}],"wp:attachment":[{"href":"http:\/\/hennahimalaya.com.br\/index.php?rest_route=%2Fwp%2Fv2%2Fmedia&parent=3632"}],"curies":[{"name":"wp","href":"https:\/\/api.w.org\/{rel}","templated":true}]}}